{"id":30,"date":"2019-06-07T15:50:57","date_gmt":"2019-06-07T13:50:57","guid":{"rendered":"http:\/\/apparthotelmarseille.com\/?page_id=30"},"modified":"2020-11-01T12:09:16","modified_gmt":"2020-11-01T11:09:16","slug":"lappartement","status":"publish","type":"page","link":"https:\/\/apparthotelmarseille.com\/?page_id=30","title":{"rendered":"L&#8217;Appartement"},"content":{"rendered":"<p>N\u00b0 d\u2019enregistrement du meubl\u00e9 de tourisme : 13208002595WF<\/p>\n<p>l&#8217;An\u00e9mone les pieds dans l&#8217;eau 4 personnes<\/a><\/p>\n<style type=\"text\/css\">.easingslider-47 { width: 100%; }.easingslider-47 .easingslider-image { max-height: 800px; max-width: 1280px; }.easingslider-47 .easingslider-fade-in, .easingslider-fade-out { -webkit-animation-duration: 800ms; -moz-animation-duration: 800ms; animation-duration: 800ms; }<\/style><script type=\"text\/javascript\">window.EasingSlider47 = {\"width\":1280,\"height\":800,\"singleItem\":true,\"items\":1,\"itemsDesktop\":false,\"itemsDesktopSmall\":false,\"itemsTablet\":false,\"itemsTabletSmall\":false,\"itemsMobile\":false,\"responsive\":true,\"lazyLoad\":true,\"autoPlay\":4000,\"slideSpeed\":800,\"navigation\":true,\"navigationText\":[\"\",\"\"],\"pagination\":true,\"autoHeight\":false,\"mouseDrag\":false,\"touchDrag\":false,\"addClassActive\":true,\"transitionStyle\":false};<\/script><div data-id=\"47\" class=\"easingslider easingslider-47 easingslider-container easingslider-full-width easingslider-resizing-enabled easingslider-aspect-ratio easingslider-arrows-inside easingslider-pagination-inside easingslider-pagination-bottom-center\"><div class=\"easingslider-slide\"><img src=\"https:\/\/apparthotelmarseille.com\/wp-content\/plugins\/easing-slider\/assets\/images\/placeholder-pixel.png\" data-src=\"https:\/\/apparthotelmarseille.com\/wp-content\/uploads\/2019\/06\/Capture-de\u0301cran-2019-03-12-22.08.52-1280x800.png\" alt=\"\" title=\"\" class=\"easingslider-image easingslider-lazy\" \/><\/div><div class=\"easingslider-slide\"><img src=\"https:\/\/apparthotelmarseille.com\/wp-content\/plugins\/easing-slider\/assets\/images\/placeholder-pixel.png\" data-src=\"https:\/\/apparthotelmarseille.com\/wp-content\/uploads\/2019\/06\/Capture-de\u0301cran-2019-03-12-22.18.25-1280x800.png\" alt=\"\" title=\"\" class=\"easingslider-image easingslider-lazy\" \/><\/div><div class=\"easingslider-slide\"><img src=\"https:\/\/apparthotelmarseille.com\/wp-content\/plugins\/easing-slider\/assets\/images\/placeholder-pixel.png\" data-src=\"https:\/\/apparthotelmarseille.com\/wp-content\/uploads\/2019\/06\/Capture-de\u0301cran-2019-03-12-22.18.08-1280x800.png\" alt=\"\" title=\"\" class=\"easingslider-image easingslider-lazy\" \/><\/div><div class=\"easingslider-slide\"><img src=\"https:\/\/apparthotelmarseille.com\/wp-content\/plugins\/easing-slider\/assets\/images\/placeholder-pixel.png\" data-src=\"https:\/\/apparthotelmarseille.com\/wp-content\/uploads\/2019\/06\/Capture-de\u0301cran-2019-03-12-22.17.54-1280x800.png\" alt=\"\" title=\"\" class=\"easingslider-image easingslider-lazy\" \/><\/div><div class=\"easingslider-slide\"><img src=\"https:\/\/apparthotelmarseille.com\/wp-content\/plugins\/easing-slider\/assets\/images\/placeholder-pixel.png\" data-src=\"https:\/\/apparthotelmarseille.com\/wp-content\/uploads\/2019\/06\/Capture-de\u0301cran-2019-03-12-22.12.38-1280x800.png\" alt=\"\" title=\"\" class=\"easingslider-image easingslider-lazy\" \/><\/div><div class=\"easingslider-slide\"><img src=\"https:\/\/apparthotelmarseille.com\/wp-content\/plugins\/easing-slider\/assets\/images\/placeholder-pixel.png\" data-src=\"https:\/\/apparthotelmarseille.com\/wp-content\/uploads\/2019\/06\/Capture-de\u0301cran-2019-03-12-22.07.58-1280x800.png\" alt=\"\" title=\"\" class=\"easingslider-image easingslider-lazy\" \/><\/div><div class=\"easingslider-slide\"><img src=\"https:\/\/apparthotelmarseille.com\/wp-content\/plugins\/easing-slider\/assets\/images\/placeholder-pixel.png\" data-src=\"https:\/\/apparthotelmarseille.com\/wp-content\/uploads\/2019\/06\/Capture-de\u0301cran-2019-03-12-22.08.20-1280x800.png\" alt=\"\" title=\"\" class=\"easingslider-image easingslider-lazy\" \/><\/div><div class=\"easingslider-slide\"><img src=\"https:\/\/apparthotelmarseille.com\/wp-content\/plugins\/easing-slider\/assets\/images\/placeholder-pixel.png\" data-src=\"https:\/\/apparthotelmarseille.com\/wp-content\/uploads\/2019\/06\/Capture-de\u0301cran-2019-03-12-22.08.37-1280x800.png\" alt=\"\" title=\"\" class=\"easingslider-image easingslider-lazy\" \/><\/div><div class=\"easingslider-slide\"><img src=\"https:\/\/apparthotelmarseille.com\/wp-content\/plugins\/easing-slider\/assets\/images\/placeholder-pixel.png\" data-src=\"https:\/\/apparthotelmarseille.com\/wp-content\/uploads\/2019\/06\/Capture-de\u0301cran-2019-03-12-22.07.41-1280x800.png\" alt=\"\" title=\"\" class=\"easingslider-image easingslider-lazy\" \/><\/div><div class=\"easingslider-slide\"><img src=\"https:\/\/apparthotelmarseille.com\/wp-content\/plugins\/easing-slider\/assets\/images\/placeholder-pixel.png\" data-src=\"https:\/\/apparthotelmarseille.com\/wp-content\/uploads\/2019\/06\/Capture-de\u0301cran-2019-03-12-22.07.27-1280x800.png\" alt=\"\" title=\"\" class=\"easingslider-image easingslider-lazy\" \/><\/div><div class=\"easingslider-slide\"><img src=\"https:\/\/apparthotelmarseille.com\/wp-content\/plugins\/easing-slider\/assets\/images\/placeholder-pixel.png\" data-src=\"https:\/\/apparthotelmarseille.com\/wp-content\/uploads\/2019\/06\/Capture-de\u0301cran-2019-03-12-22.06.28-1280x800.png\" alt=\"\" title=\"\" class=\"easingslider-image easingslider-lazy\" \/><\/div><div class=\"easingslider-slide\"><img src=\"https:\/\/apparthotelmarseille.com\/wp-content\/plugins\/easing-slider\/assets\/images\/placeholder-pixel.png\" data-src=\"https:\/\/apparthotelmarseille.com\/wp-content\/uploads\/2019\/06\/Capture-de\u0301cran-2019-03-12-22.06.09-1280x800.png\" alt=\"\" title=\"\" class=\"easingslider-image easingslider-lazy\" \/><\/div><div class=\"easingslider-slide\"><img src=\"https:\/\/apparthotelmarseille.com\/wp-content\/plugins\/easing-slider\/assets\/images\/placeholder-pixel.png\" data-src=\"https:\/\/apparthotelmarseille.com\/wp-content\/uploads\/2019\/06\/Capture-de\u0301cran-2019-03-12-22.05.31-1-1280x800.png\" alt=\"\" title=\"\" class=\"easingslider-image easingslider-lazy\" \/><\/div><\/div>\n<p>&nbsp;<\/p>\n<h5>l&#8217;AppartH\u00f4tel<\/h5>\n<h5><\/h5>\n<p>Vous serez \u00e0 coup sur s\u00e9duit par notre charmant AppartH\u00f4tel enti\u00e8rement refait \u00e0 neuf. Situ\u00e9 en bord de mer proche de diff\u00e9rentes activit\u00e9s nautisme, p\u00eache, randonn\u00e9e, plong\u00e9e sous marine, surf, jet ski. Mais aussi entre de belles calanques et de belle r\u00e9serves naturelles de quoi s\u2019initier au bon air pr\u00e8s des plages .<\/p>\n<p>A proximit\u00e9 imm\u00e9diate, vous trouverez tous les commerces et restaurants dont vous pouvez avoir besoin\u00a0 . Que ce soit pour les loisirs ou rendez vous d\u2019affaires. A proximit\u00e9 imm\u00e9diate, vous trouverez \u00e0 la fois tous les commerces et restaurants dont vous pouvez avoir besoin et \u00e9galement des endroits pour vous restaurer. Que ce soit pour les loisirs ou vos voyages d\u2019affaire sa situation est donc l\u2019endroit id\u00e9al pour rayonner facilement sur l\u2019Hypercentre ou les Calanque. En d&#8217;autre termes nous avons essay\u00e9 de penser \u00e0 tout pour votre s\u00e9jour.<\/p>\n<p><a href=\"https:\/\/www.booking.com\/hotel\/fr\/l-39-anemone-les-pieds-dans-l-39-eau.fr.html?aid=376366;label=fr-85Sbyi2evytni3mHZEi6UgS267492169162%3Apl%3Ata%3Ap1%3Ap22.432.000%3Aac%3Aap1t1%3Aneg%3Afi%3Atiaud-294889294453%3Akwd-65526620%3Alp9055006%3Ali%3Adec%3Adm;sid=575c5e1b699a1c03c46023c23e606249;bhgwe_bhr=0;dest_id=-1449947;dest_type=city;dist=0;hapos=1;hpos=1;room1=A%2CA;sb_price_type=total;sr_order=popularity;srepoch=1559926182;srpvid=ba967652aa2d0113;type=total;ucfs=1&amp;#hotelTmpl\">l&#8217;An\u00e9mone les pieds dans l&#8217;eau Booking<\/a><\/p>\n","protected":false},"excerpt":{"rendered":"<p>N\u00b0 d\u2019enregistrement du meubl\u00e9 de tourisme : 13208002595WF l&#8217;An\u00e9mone les pieds dans l&#8217;eau 4 personnes &nbsp; l&#8217;AppartH\u00f4tel Vous serez \u00e0 coup sur s\u00e9duit par notre charmant AppartH\u00f4tel enti\u00e8rement refait \u00e0 neuf. Situ\u00e9 en bord de mer proche de diff\u00e9rentes activit\u00e9s nautisme, p\u00eache, randonn\u00e9e, plong\u00e9e sous marine, surf, jet ski. Mais aussi entre de belles calanques [&hellip;]<\/p>\n","protected":false},"author":1,"featured_media":0,"parent":0,"menu_order":0,"comment_status":"closed","ping_status":"closed","template":"","meta":[],"yoast_head":"<!-- This site is optimized with the Yoast SEO plugin v15.2 - https:\/\/yoast.com\/wordpress\/plugins\/seo\/ -->\n<title>MEUBL\u00c9S DE TOURISME APPART\u2019H\u00d4TEL \u00c0 MARSEILLE L\u2019AN\u00c9MONE<\/title>\n<meta name=\"description\" content=\"Meubl\u00e9 de Tourisme Appart&#039;H\u00f4tel \u00e0 Marseille l&#039;An\u00e9mone les pieds dans l&#039;eau 4 personnes calanque, plong\u00e9e, plage, calme, confort, randonn\u00e9e, nautisme\" \/>\n<meta name=\"robots\" content=\"index, follow, max-snippet:-1, max-image-preview:large, max-video-preview:-1\" \/>\n<link rel=\"canonical\" href=\"http:\/\/apparthotelmarseille.com\/?page_id=30\" \/>\n<meta property=\"og:locale\" content=\"en_US\" \/>\n<meta property=\"og:type\" content=\"article\" \/>\n<meta property=\"og:title\" content=\"MEUBL\u00c9S DE TOURISME APPART\u2019H\u00d4TEL \u00c0 MARSEILLE L\u2019AN\u00c9MONE\" \/>\n<meta property=\"og:description\" content=\"Meubl\u00e9 de Tourisme Appart&#039;H\u00f4tel \u00e0 Marseille l&#039;An\u00e9mone les pieds dans l&#039;eau 4 personnes calanque, plong\u00e9e, plage, calme, confort, randonn\u00e9e, nautisme\" \/>\n<meta property=\"og:url\" content=\"http:\/\/apparthotelmarseille.com\/?page_id=30\" \/>\n<meta property=\"og:site_name\" content=\"AppartHotel Marseille\" \/>\n<meta property=\"article:modified_time\" content=\"2020-11-01T11:09:16+00:00\" \/>\n<meta name=\"twitter:card\" content=\"summary_large_image\" \/>\n<meta name=\"twitter:label1\" value=\"Written by\">\n\t<meta name=\"twitter:data1\" value=\"admin2046\">\n\t<meta name=\"twitter:label2\" value=\"Est. reading time\">\n\t<meta name=\"twitter:data2\" value=\"1 minute\">\n<script type=\"application\/ld+json\" class=\"yoast-schema-graph\">{\"@context\":\"https:\/\/schema.org\",\"@graph\":[{\"@type\":\"WebSite\",\"@id\":\"http:\/\/apparthotelmarseille.com\/#website\",\"url\":\"http:\/\/apparthotelmarseille.com\/\",\"name\":\"AppartHotel Marseille\",\"description\":\"l&#039;An\\u00e9mone une exp\\u00e9rience unique pour votre s\\u00e9jour \\u00e0 Marseille\",\"potentialAction\":[{\"@type\":\"SearchAction\",\"target\":\"http:\/\/apparthotelmarseille.com\/?s={search_term_string}\",\"query-input\":\"required name=search_term_string\"}],\"inLanguage\":\"en-US\"},{\"@type\":\"WebPage\",\"@id\":\"http:\/\/apparthotelmarseille.com\/?page_id=30#webpage\",\"url\":\"http:\/\/apparthotelmarseille.com\/?page_id=30\",\"name\":\"MEUBL\\u00c9S DE TOURISME APPART\\u2019H\\u00d4TEL \\u00c0 MARSEILLE L\\u2019AN\\u00c9MONE\",\"isPartOf\":{\"@id\":\"http:\/\/apparthotelmarseille.com\/#website\"},\"datePublished\":\"2019-06-07T13:50:57+00:00\",\"dateModified\":\"2020-11-01T11:09:16+00:00\",\"description\":\"Meubl\\u00e9 de Tourisme Appart'H\\u00f4tel \\u00e0 Marseille l'An\\u00e9mone les pieds dans l'eau 4 personnes calanque, plong\\u00e9e, plage, calme, confort, randonn\\u00e9e, nautisme\",\"inLanguage\":\"en-US\",\"potentialAction\":[{\"@type\":\"ReadAction\",\"target\":[\"http:\/\/apparthotelmarseille.com\/?page_id=30\"]}]}]}<\/script>\n<!-- \/ Yoast SEO plugin. -->","_links":{"self":[{"href":"https:\/\/apparthotelmarseille.com\/index.php?rest_route=\/wp\/v2\/pages\/30"}],"collection":[{"href":"https:\/\/apparthotelmarseille.com\/index.php?rest_route=\/wp\/v2\/pages"}],"about":[{"href":"https:\/\/apparthotelmarseille.com\/index.php?rest_route=\/wp\/v2\/types\/page"}],"author":[{"embeddable":true,"href":"https:\/\/apparthotelmarseille.com\/index.php?rest_route=\/wp\/v2\/users\/1"}],"replies":[{"embeddable":true,"href":"https:\/\/apparthotelmarseille.com\/index.php?rest_route=%2Fwp%2Fv2%2Fcomments&post=30"}],"version-history":[{"count":6,"href":"https:\/\/apparthotelmarseille.com\/index.php?rest_route=\/wp\/v2\/pages\/30\/revisions"}],"predecessor-version":[{"id":137,"href":"https:\/\/apparthotelmarseille.com\/index.php?rest_route=\/wp\/v2\/pages\/30\/revisions\/137"}],"wp:attachment":[{"href":"https:\/\/apparthotelmarseille.com\/index.php?rest_route=%2Fwp%2Fv2%2Fmedia&parent=30"}],"curies":[{"name":"wp","href":"https:\/\/api.w.org\/{rel}","templated":true}]}}