{"id":75,"date":"2019-06-07T20:32:14","date_gmt":"2019-06-07T18:32:14","guid":{"rendered":"http:\/\/apparthotelmarseille.com\/?page_id=75"},"modified":"2019-06-08T00:32:56","modified_gmt":"2019-06-07T22:32:56","slug":"contact","status":"publish","type":"page","link":"https:\/\/apparthotelmarseille.com\/?page_id=75","title":{"rendered":"Contact"},"content":{"rendered":"<div role=\"form\" class=\"wpcf7\" id=\"wpcf7-f74-o1\" lang=\"fr-FR\" dir=\"ltr\">\n<div class=\"screen-reader-response\"><p role=\"status\" aria-live=\"polite\" aria-atomic=\"true\"><\/p> <ul><\/ul><\/div>\n<form action=\"\/index.php?rest_route=%2Fwp%2Fv2%2Fpages%2F75#wpcf7-f74-o1\" method=\"post\" class=\"wpcf7-form init\" novalidate=\"novalidate\" data-status=\"init\">\n<div style=\"display: none;\">\n<input type=\"hidden\" name=\"_wpcf7\" value=\"74\" \/>\n<input type=\"hidden\" name=\"_wpcf7_version\" value=\"5.3\" \/>\n<input type=\"hidden\" name=\"_wpcf7_locale\" value=\"fr_FR\" \/>\n<input type=\"hidden\" name=\"_wpcf7_unit_tag\" value=\"wpcf7-f74-o1\" \/>\n<input type=\"hidden\" name=\"_wpcf7_container_post\" value=\"0\" \/>\n<input type=\"hidden\" name=\"_wpcf7_posted_data_hash\" value=\"\" \/>\n<\/div>\n<p><label> Votre nom (obligatoire)<br \/>\n    <span class=\"wpcf7-form-control-wrap your-name\"><input type=\"text\" name=\"your-name\" value=\"\" size=\"40\" class=\"wpcf7-form-control wpcf7-text wpcf7-validates-as-required\" aria-required=\"true\" aria-invalid=\"false\" \/><\/span> <\/label><\/p>\n<p><label> Votre adresse de messagerie (obligatoire)<br \/>\n    <span class=\"wpcf7-form-control-wrap your-email\"><input type=\"email\" name=\"your-email\" value=\"\" size=\"40\" class=\"wpcf7-form-control wpcf7-text wpcf7-email wpcf7-validates-as-required wpcf7-validates-as-email\" aria-required=\"true\" aria-invalid=\"false\" \/><\/span> <\/label><\/p>\n<p><label> Objet<br \/>\n    <span class=\"wpcf7-form-control-wrap your-subject\"><input type=\"text\" name=\"your-subject\" value=\"\" size=\"40\" class=\"wpcf7-form-control wpcf7-text\" aria-invalid=\"false\" \/><\/span> <\/label><\/p>\n<p><label> Votre message<br \/>\n    <span class=\"wpcf7-form-control-wrap your-message\"><textarea name=\"your-message\" cols=\"40\" rows=\"10\" class=\"wpcf7-form-control wpcf7-textarea\" aria-invalid=\"false\"><\/textarea><\/span> <\/label><\/p>\n<p><input type=\"submit\" value=\"Envoyer\" class=\"wpcf7-form-control wpcf7-submit\" \/><\/p>\n<div class=\"wpcf7-response-output\" aria-hidden=\"true\"><\/div><\/form><\/div>\n<h5>QUELLE EST L\u2019HEURE D\u2019ARRIV\u00c9E ET DE D\u00c9PART ?<\/h5>\n<p>Le check-in (arriv\u00e9e dans l\u2019appartement) est possible \u00e0 partir de 17h et le check-out (d\u00e9part de l\u2019appartement) doit \u00eatre fait au plus tard \u00e0 11h30. Il est possible d\u2019arriver avant 17h \u00e0 condition que le m\u00e9nage est \u00e9t\u00e9 r\u00e9alis\u00e9, veuillez nous contacter pour validation.<\/p>\n<h5>DOIS-JE PAYER UN ACOMPTE ?<\/h5>\n<p>A la r\u00e9servation le montant de la r\u00e9servation est encaiss\u00e9. En cas d\u2019annulation jusque 20 jours avant la date d\u2019arriv\u00e9e ce montant vous est int\u00e9gralement rembours\u00e9.<\/p>\n<h5>VAIS-JE RECEVOIR UNE FACTURE \u00c0 L\u2019ISSUE DU S\u00c9JOUR ?<\/h5>\n<p>Oui nous vous enverrons la facture par mail \u00e0 votre arriv\u00e9e au logement.<\/p>\n<h5>ANNULATION DE LOCATION<\/h5>\n<p>Aucun remboursement ne sera effectu\u00e9 en cas d\u2019annulation 20 jours avant votre arriv\u00e9e dans l\u2019appartement.<\/p>\n<h5>L\u2019APPARTEMENT EST IL \u00c0 UN \u00c9TAGE ?<\/h5>\n<p>Non, il se situe au rez de chauss\u00e9<\/p>\n<h5>LES ANIMAUX SONT ILS AUTORIS\u00c9S ?<\/h5>\n<p>Nous aimons beaucoup les animaux mais ils sont malheureusement interdits dans l\u2019appartement pour des raisons d\u2019hygi\u00e8ne.<\/p>\n<h5>L\u2019APPARTEMENT EST IL FUMEUR ?<\/h5>\n<p>Il est strictement interdit de fumer dans l\u2019appartement (l\u2019appartement est \u00e9quip\u00e9 d\u2019un d\u00e9tecteur de fum\u00e9e).<\/p>\n<h5>QUI CONTACTER EN CAS DE PROBL\u00c8MES ?<\/h5>\n<p>Toutes les informations utiles seront dans le livret d\u2019accueil qui vous sera remis \u00e0 votre arriv\u00e9e.<\/p>\n<h5>COMBIEN DE PERSONNES PEUVENT DORMIR DANS L\u2019APPARTEMENT ?<\/h5>\n<p>L\u2019appartement peut accueillir 4 adultes\u00a0 (l\u2019appartement n\u2019est pas \u00e9quip\u00e9 pour les b\u00e9b\u00e9s vous devez ramener vos \u00e9quipements). Il y a un lit (140\u00d7200) avec un matelas tr\u00e8s confortable. Et un canap\u00e9 convertible (140&#215;200)<\/p>\n<h5>LES SERVIETTES DE BAIN SONT-ELLES FOURNIES ?<\/h5>\n<p>Oui, des serviettes de bain sont syst\u00e9matiquement fournies.<\/p>\n<h5>LE M\u00c9NAGE EST-IL INCLUS LE S\u00c9JOUR ?<\/h5>\n<p>Un forfait m\u00e9nage est inclus dans le prix de la location (35euros par s\u00e9jour) pour que l\u2019appartement vous soit livr\u00e9 propre pour votre arriv\u00e9e.<\/p>\n<p>Cependant le locataire est tenu de le rendre dans son \u00e9tat d\u2019utilisation normale (vaisselle faite, sol propre, etc\u2026). Un service de m\u00e9nage (45 \u20ac) vous sera factur\u00e9 si il est n\u00e9cessaire de r\u00e9aliser un nettoyage de plus d\u2019une heure.<\/p>\n<h5>O\u00d9 PUIS JE ME GARER ?<\/h5>\n<p>Il y aura un plan avec les parking dans le livret d\u2019accueil qui vous sera remis \u00e0 votre arriv\u00e9e.<\/p>\n<p>&nbsp;<\/p>\n","protected":false},"excerpt":{"rendered":"<p>QUELLE EST L\u2019HEURE D\u2019ARRIV\u00c9E ET DE D\u00c9PART ? Le check-in (arriv\u00e9e dans l\u2019appartement) est possible \u00e0 partir de 17h et le check-out (d\u00e9part de l\u2019appartement) doit \u00eatre fait au plus tard \u00e0 11h30. Il est possible d\u2019arriver avant 17h \u00e0 condition que le m\u00e9nage est \u00e9t\u00e9 r\u00e9alis\u00e9, veuillez nous contacter pour validation. DOIS-JE PAYER UN [&hellip;]<\/p>\n","protected":false},"author":1,"featured_media":0,"parent":0,"menu_order":0,"comment_status":"closed","ping_status":"closed","template":"","meta":[],"yoast_head":"<!-- This site is optimized with the Yoast SEO plugin v15.2 - https:\/\/yoast.com\/wordpress\/plugins\/seo\/ -->\n<title>Contact - Apparthotel \u00e0 Marseille l&#039;An\u00e9mone - Calme et Confort<\/title>\n<meta name=\"description\" content=\"Contact : La Rubrique contact de vos apparthotel \u00e0 Marseille l&#039;An\u00e9mone. Le calme et le confort en bord de Mer. Vous pouvez nous transmettre vos questions.\" \/>\n<meta name=\"robots\" content=\"index, follow, max-snippet:-1, max-image-preview:large, max-video-preview:-1\" \/>\n<link rel=\"canonical\" href=\"http:\/\/apparthotelmarseille.com\/?page_id=75\" \/>\n<meta property=\"og:locale\" content=\"en_US\" \/>\n<meta property=\"og:type\" content=\"article\" \/>\n<meta property=\"og:title\" content=\"Contact - Apparthotel \u00e0 Marseille l&#039;An\u00e9mone - Calme et Confort\" \/>\n<meta property=\"og:description\" content=\"Contact : La Rubrique contact de vos apparthotel \u00e0 Marseille l&#039;An\u00e9mone. Le calme et le confort en bord de Mer. Vous pouvez nous transmettre vos questions.\" \/>\n<meta property=\"og:url\" content=\"http:\/\/apparthotelmarseille.com\/?page_id=75\" \/>\n<meta property=\"og:site_name\" content=\"AppartHotel Marseille\" \/>\n<meta property=\"article:modified_time\" content=\"2019-06-07T22:32:56+00:00\" \/>\n<meta name=\"twitter:card\" content=\"summary_large_image\" \/>\n<meta name=\"twitter:label1\" value=\"Written by\">\n\t<meta name=\"twitter:data1\" value=\"admin2046\">\n\t<meta name=\"twitter:label2\" value=\"Est. reading time\">\n\t<meta name=\"twitter:data2\" value=\"2 minutes\">\n<script type=\"application\/ld+json\" class=\"yoast-schema-graph\">{\"@context\":\"https:\/\/schema.org\",\"@graph\":[{\"@type\":\"WebSite\",\"@id\":\"http:\/\/apparthotelmarseille.com\/#website\",\"url\":\"http:\/\/apparthotelmarseille.com\/\",\"name\":\"AppartHotel Marseille\",\"description\":\"l&#039;An\\u00e9mone une exp\\u00e9rience unique pour votre s\\u00e9jour \\u00e0 Marseille\",\"potentialAction\":[{\"@type\":\"SearchAction\",\"target\":\"http:\/\/apparthotelmarseille.com\/?s={search_term_string}\",\"query-input\":\"required name=search_term_string\"}],\"inLanguage\":\"en-US\"},{\"@type\":\"WebPage\",\"@id\":\"http:\/\/apparthotelmarseille.com\/?page_id=75#webpage\",\"url\":\"http:\/\/apparthotelmarseille.com\/?page_id=75\",\"name\":\"Contact - Apparthotel \\u00e0 Marseille l'An\\u00e9mone - Calme et Confort\",\"isPartOf\":{\"@id\":\"http:\/\/apparthotelmarseille.com\/#website\"},\"datePublished\":\"2019-06-07T18:32:14+00:00\",\"dateModified\":\"2019-06-07T22:32:56+00:00\",\"description\":\"Contact : La Rubrique contact de vos apparthotel \\u00e0 Marseille l'An\\u00e9mone. Le calme et le confort en bord de Mer. Vous pouvez nous transmettre vos questions.\",\"inLanguage\":\"en-US\",\"potentialAction\":[{\"@type\":\"ReadAction\",\"target\":[\"http:\/\/apparthotelmarseille.com\/?page_id=75\"]}]}]}<\/script>\n<!-- \/ Yoast SEO plugin. -->","_links":{"self":[{"href":"https:\/\/apparthotelmarseille.com\/index.php?rest_route=\/wp\/v2\/pages\/75"}],"collection":[{"href":"https:\/\/apparthotelmarseille.com\/index.php?rest_route=\/wp\/v2\/pages"}],"about":[{"href":"https:\/\/apparthotelmarseille.com\/index.php?rest_route=\/wp\/v2\/types\/page"}],"author":[{"embeddable":true,"href":"https:\/\/apparthotelmarseille.com\/index.php?rest_route=\/wp\/v2\/users\/1"}],"replies":[{"embeddable":true,"href":"https:\/\/apparthotelmarseille.com\/index.php?rest_route=%2Fwp%2Fv2%2Fcomments&post=75"}],"version-history":[{"count":6,"href":"https:\/\/apparthotelmarseille.com\/index.php?rest_route=\/wp\/v2\/pages\/75\/revisions"}],"predecessor-version":[{"id":120,"href":"https:\/\/apparthotelmarseille.com\/index.php?rest_route=\/wp\/v2\/pages\/75\/revisions\/120"}],"wp:attachment":[{"href":"https:\/\/apparthotelmarseille.com\/index.php?rest_route=%2Fwp%2Fv2%2Fmedia&parent=75"}],"curies":[{"name":"wp","href":"https:\/\/api.w.org\/{rel}","templated":true}]}}